 19 a factor of 1729?
True
Is 646 a multiple of 19?
True
Is 8 a factor of 288?
True
Is 10640 a multiple of 13?
False
Is 10 a factor of 13700?
True
Is 63 a factor of 756?
True
Is 123 a factor of 3850?
False
Is 45 a factor of 63900?
True
Is 11214 a multiple of 20?
False
Is 525 a multiple of 15?
True
Does 11 divide 88?
True
Is 10 a factor of 5410?
True
Is 12775 a multiple of 35?
True
Is 11004 a multiple of 14?
True
Is 20 a factor of 3360?
True
Is 39 a factor of 18564?
True
Is 19 a factor of 585?
False
Does 10 divide 115?
False
Does 44 divide 484?
True
Is 621 a multiple of 17?
False
Is 63 a factor of 1165?
False
Is 43 a factor of 1161?
True
Is 204 a factor of 343?
False
Does 24 divide 694?
False
Does 34 divide 61622?
False
Does 204 divide 5508?
True
Does 107 divide 20091?
False
Is 20 a factor of 57500?
True
Is 7 a factor of 308?
True
Is 14 a factor of 4046?
True
Is 44 a factor of 6820?
True
Is 1342 a multiple of 3?
False
Is 75 a factor of 652?
False
Is 3 a factor of 11107?
False
Is 208 a factor of 78416?
True
Is 20 a factor of 2800?
True
Does 21 divide 29484?
True
Does 5 divide 1431?
False
Is 82546 a multiple of 86?
False
Is 66 a factor of 1188?
True
Is 76 a factor of 16309?
False
Is 359 a multiple of 58?
False
Does 47 divide 410?
False
Is 620 a multiple of 55?
False
Is 29 a factor of 750?
False
Does 4 divide 14082?
False
Is 72 a factor of 11664?
True
Is 9 a factor of 603?
True
Does 26 divide 13895?
False
Does 37 divide 6833?
False
Is 119 a multiple of 7?
True
Does 22 divide 550?
True
Is 31631 a multiple of 104?
False
Does 40 divide 960?
True
Is 22 a factor of 9196?
True
Is 2990 a multiple of 15?
False
Is 43 a factor of 301?
True
Does 33 divide 2871?
True
Is 8 a factor of 848?
True
Does 16 divide 1402?
False
Does 14 divide 12824?
True
Is 47 a factor of 7677?
False
Is 13416 a multiple of 156?
True
Is 46 a factor of 19936?
False
Is 3 a factor of 9946?
False
Is 18858 a multiple of 21?
True
Does 38 divide 190?
True
Is 21 a factor of 41937?
True
Is 46172 a multiple of 42?
False
Is 200 a factor of 600?
True
Is 3735 a multiple of 9?
True
Does 26 divide 8112?
True
Is 63167 a multiple of 131?
False
Is 505 a multiple of 19?
False
Is 54 a factor of 4607?
False
Is 1654 a multiple of 51?
False
Is 13620 a multiple of 20?
True
Does 48 divide 3888?
True
Does 13 divide 916?
False
Does 4 divide 554?
False
Is 64 a factor of 1354?
False
Does 14 divide 20?
False
Is 33 a factor of 130?
False
Is 13 a factor of 1976?
True
Is 110 a factor of 12980?
True
Is 4931 a multiple of 213?
False
Does 3 divide 15?
True
Does 2 divide 18492?
True
Is 224 a multiple of 9?
False
Does 47 divide 1175?
True
Is 1089 a multiple of 33?
True
Is 15 a factor of 3799?
False
Is 29 a factor of 145?
True
Is 7 a factor of 98?
True
Is 40 a factor of 80?
True
Is 627 a multiple of 57?
True
Does 7 divide 147?
True
Is 309 a multiple of 7?
False
Is 1242 a multiple of 9?
True
Does 17 divide 16297?
False
Is 64 a factor of 7934?
False
Is 40896 a multiple of 72?
True
Is 152 a factor of 4408?
True
Does 15 divide 119876?
False
Is 71 a factor of 35242?
False
Is 3712 a multiple of 32?
True
Is 1688 a multiple of 36?
False
Does 22 divide 3828?
True
Does 8 divide 368?
True
Is 37730 a multiple of 98?
True
Is 23 a factor of 529?
True
Is 14 a factor of 8218?
True
Does 34 divide 883?
False
Does 127 divide 15279?
False
Is 120 a factor of 16680?
True
Is 5324 a multiple of 2?
True
Does 8 divide 1950?
False
Is 1692 a multiple of 141?
True
Does 46 divide 46285?
False
Is 2814 a multiple of 12?
False
Does 9 divide 455?
False
Is 14 a factor of 2772?
True
Is 19 a factor of 98957?
False
Is 8 a factor of 32?
True
Is 159 a factor of 15900?
True
Is 56 a factor of 4648?
True
Does 177 divide 11505?
True
Is 9983 a multiple of 67?
True
Does 22 divide 125?
False
Does 25 divide 36?
False
Does 29 divide 3716?
False
Is 162 a multiple of 81?
True
Does 101 divide 14746?
True
Does 20 divide 7846?
False
Is 72416 a multiple of 62?
True
Is 4235 a multiple of 77?
True
Is 4741 a multiple of 11?
True
Is 20278 a multiple of 19?
False
Is 6412 a multiple of 19?
False
Does 205 divide 26743?
False
Is 1807 a multiple of 27?
False
Does 36 divide 20916?
True
Is 72916 a multiple of 27?
False
Is 38 a factor of 1900?
True
Is 3593 a multiple of 27?
False
Does 57 divide 1254?
True
Is 1292 a multiple of 19?
True
Does 65 divide 3445?
True
Does 27 divide 13914?
False
Is 363 a multiple of 89?
False
Is 10 a factor of 646?
False
Is 4588 a multiple of 16?
False
Is 7 a factor of 13?
False
Is 1808 a multiple of 9?
False
Is 166675 a multiple of 20?
False
Does 24 divide 2208?
True
Does 15 divide 43845?
True
Is 331 a multiple of 9?
False
Is 93 a factor of 1209?
True
Is 2766 a multiple of 20?
False
Is 7760 a multiple of 40?
True
Is 18 a factor of 16872?
False
Is 79 a factor of 395?
True
Is 798 a multiple of 7?
True
Does 2 divide 1825?
False
Is 42 a factor of 5712?
True
Does 19 divide 2334?
False
Does 39 divide 234?
True
Is 51 a factor of 4102?
False
Is 25 a multiple of 13?
False
Is 420 a multiple of 42?
True
Is 5072 a multiple of 195?
False
Is 114029 a multiple of 60?
False
Is 8 a factor of 17044?
False
Is 23 a factor of 644?
True
Is 42 a factor of 99?
False
Is 123 a factor of 40888?
False
Is 2491 a multiple of 28?
False
Does 19 divide 618?
False
Is 52 a factor of 98176?
True
Is 2678 a multiple of 16?
False
Is 210 a multiple of 70?
True
Is 7175 a multiple of 7?
True
Is 115 a factor of 25875?
True
Is 12 a factor of 32736?
True
Is 768 a multiple of 6?
True
Is 14 a factor of 2744?
True
Does 13 divide 24895?
True
Is 22 a factor of 1076?
False
Is 3357 a multiple of 3?
True
Is 1824 a multiple of 57?
True
Is 34977 a multiple of 89?
True
Is 503 a multiple of 18?
False
Does 24 divide 456?
True
Is 29 a factor of 1502?
False
Is 1514 a multiple of 46?
False
Is 3 a factor of 96?
True
Is 14 a factor of 126?
True
Is 145 a factor of 61166?
False
Is 235 a multiple of 5?
True
Is 7940 a multiple of 14?
False
Is 13 a factor of 1370?
False
Does 4 divide 798?
False
Does 21 divide 112?
False
Does 36 divide 2920?
False
Is 177 a factor of 21883?
False
Is 14 a factor of 1099?
False
Does 215 divide 44115?
False
Is 1312 a multiple of 4?
True
Is 1138 a multiple of 4?
False
Is 61 a factor of 1562?
False
Does 26 divide 371?
False
Is 1251 a multiple of 27?
False
Does 17 divide 370?
False
Is 110 a multiple of 41?
False
Is 20 a factor of 72672?
False
Does 3 divide 312?
True
Is 9 a factor of 2160?
True
Is 342 a multiple of 19?
True
Is 41 a factor of 164?
True
Does 11 divide 4248?
False
Does 43 divide 1683?
False
Does 216 divide 82472?
False
Does 124 divide 3619?
False
Is 3321 a multiple of 23?
False
Is 28 a factor of 868?
True
Does 14 divide 112?
True
Is 188354 a multiple of 41?
True
Does 12 divide 41322?
False
Is 195 a factor of 3120?
True
Is 42 a factor of 3371?
False
Is 95 even?
False
Is 2268 a multiple of 2?
True
Is 12218 a multiple of 29?
False
Is 33276 a multiple of 177?
True
Does 9 divide 32715?
True
Does 76 divide 31775?
False
Is 756 a multiple of 18?
True
Is 1875 a multiple of 3?
True
Is 23 a factor of 667?
True
Is 3245 a multiple of 45?
False
Is 10 a factor of 1030?
True
Is 1096 a multiple of 3?
False
Does 144 divide 7656?
False
Does 22 divide 5126?
True
Does 14 divide 25942?
True
Is 56 a factor of 66950?
False
Is 21 a factor of 273?
True
Is 66 a factor of 1572?
False
Is 5 a factor of 905?
True
Is 16109 a multiple of 65?
False
Is 186 a multiple of 5?
False
Is 5032 a multiple of 136?
True
Does 30 divide 9990?
True
Is 524 a multiple of 17?
False
Does 98 divide 74721?
False
Is 24 a factor of 175714?
False
Does 6 divide 316?
False
Does 9 divide 13599?
True
Does 12 divide 7176?
True
Does 11 divide 7883?
False
Is 84318 a multiple of 26?
True
Is 20 a factor of 210?
False
Does 11 divide 1474?
True
Does 128 divide 7040?
True
Does 33 divide 3149?
False
Does 75 divide 8522?
False
Is 91 a factor of 14013?
False
Is 689 a multiple of 27?
False
Does 55 divide 2471?
False
Is 3612 a multiple of 43?
True
Does 12 divide 4860?
True
Is 2 a factor of 742?
True
Does 50 divide 2250?
True
Is 2052 a multiple of 108?
True
Does 59 divide 2537?
True
Is 5 a factor of 205?
True
Is 284 a multiple of 5?
False
Is 37 a factor of 339?
False
Is 113 a factor of 226?
True
Is 4 a factor of 178?
False
Does 10 divide 10360?
True
Does 20 